1).
-1
What is 40 + -32 + -3 + 0?
5
What is the value of 1 + 2 + -3 + (-1 - 0)?
-1
Evaluate (-4 - -12) + 2 + (-7 - -3).
6
Evaluate -5 + 0 - (-6 + 0).
1
Evaluate -13 + (12 - 0) + -8.
-9
-13 - -7 - (-1 + -2)
-3
Calculate 7 + (1 + -4 - -3) + 0.
7
Calculate -4 + 1 + 1 + 4.
2
Calculate -1 - 0 - (-2 - -6).
-5
-1 + 6 + 1 + -2 + -1
3
What is the value of 3 + (0 - (2 + (-1 - -2)))?
0
Calculate -6 - (8 + -3) - (-6 - -1).
-6
Evaluate -14 + 8 + 11 + 1 + 0.
6
Calculate -40 + 37 + (5 - 1).
1
Evaluate -2 + (6 - 3) + -3 + -2.
-4
Calculate 2 + (-9 - -2) + 8.
3
Calculate (-24 - -9) + 5 + (-6 - -6).
-10
What is (-6 - (-7 - -1)) + 7 - 10?
-3
5 - (2 + 6 - (9 - 6))
0
Calculate -13 + (1 - (0 - (0 - -5))).
-7
Evaluate 6 - (6 + -2) - 4.
-2
What is (6 - (1 - 1)) + 3 + -6?
3
What is the value of 14 + -17 - (2 - 9)?
4
What is the value of (9 - (3 + 3 + -1)) + -7?
-3
Evaluate 0 + -1 - (-4 - 0 - -8).
-5
(4 - 7 - 1) + 2
-2
Calculate -9 + 9 + 0 + -1 - 5.
-6
Evaluate 1 - (-3 + (5 - (4 - 3))).
0
What is -2 + (-7 - (7 + -14 + 5))?
-7
-6 - (3 + -2 + -2)
-5
9 + -8 + (-2 - -6)
5
Evaluate 2 + -5 + (-1 - -6).
2
What is the value of -2 + (1 - 4) - -5?
0
What is the value of -5 + 7 + -5 + 2 - 2?
-3
What is the value of 15 + (6 - 6) - (-2 + 10)?
7
(-5 - 0) + (3 + -8 - -9)
-1
10 - ((6 - 4) + 6 + -2)
4
-6 + (5 - (3 + 1 + -1))
-4
What is 9 + -6 + -8 - -1?
-4
What is the value of (4 - 10) + 0 + -1?
-7
What is 0 + (-6 + 15 - 8)?
1
Evaluate 9 - 0 - -5 - 12.
2
Calculate -1 - (-1 - 10) - (147 - 141).
4
What is the value of (9 - -1 - 1) + -6?
3
What is the value of 2 + 6 + (3 + -4 - 5)?
2
Calculate (-25 - -32) + (-17 - -2) + 1.
-7
What is (7 - (6 - 4)) + -10?
-5
Calculate (-4 - -3) + -2 - (-10 + 2).
5
What is 2 - ((0 - 5) + (-2 - -6))?
3
Calculate 15 - (5 + -6) - 9.
7
Calculate 1 - (-1 + 3 + -4) - 2.
1
What is the value of 1 + 0 - (-3 + 1)?
3
Evaluate -1 + (-15 - -28) + -7.
5
Evaluate (-6 - (-5 - -2)) + 8.
5
What is -1 + -3 - (-39 - -35)?
0
Calculate -1 + 7 - (11 - -2 - 13).
6
Calculate (7 - 11) + (1 - -1).
-2
Calculate 3 + (5 - 15) - -9.
2
What is the value of (6 - 1) + -5 + -2?
-2
What is the value of (-3 - (-7 + -2)) + -4?
2
(-3 - -4) + 2 + -2 + -3
-2
What is the value of (-1 - -9) + -4 + -4 + 0?
0
Evaluate 4 - (-2 - (-1 + 0 - -2)).
7
Evaluate 3 + (3 + -2 - 3).
1
Calculate -2 + (-1 - -7) - (3 + 6).
-5
Evaluate -15 + (18 - 3 - 8).
-8
What is the value of (0 - (4 - 4)) + -9 + 5?
-4
Calculate -2 - (5 - -2 - 4).
-5
Calculate 0 + (-2 - -1) + (27 - 19).
7
What is 1 + (7 - 5) - (0 + 3)?
0
What is 0 - 2 - (-4 + (-18 - -16))?
4
(-1 + 1 - -1) + 1 + -5
-3
Calculate -4 - (-2 + 1 + 4 - 2).
-5
What is (0 - 2) + 3 + 0 + 0?
1
Evaluate -1 + 4 + -4 - 0 - -2.
1
Calculate -4 - (3 + -2 + -9).
4
What is the value of 1 + -3 + (-1 - -5)?
2
Evaluate -1 - 0 - (-3 - 2 - -4).
0
Calculate -5 - 7 - -8 - 1.
-5
5 + -5 + 0 + 5
5
-1 + -2 + 3 + 2
2
What is the value of (-2 - -2 - (11 + -6)) + 3?
-2
Evaluate (4 - -4) + -2 + 0 + -1.
5
What is the value of 9 - (-4 - -9 - 5)?
9
3 - (3 + -7 - -2)
5
What is the value of -3 - -10 - 2 - (1 - 0)?
4
What is the value of 3 + (-6 - (-12 + 1))?
8
What is -24 - (-13 + 2) - -18?
5
What is -11 - -9 - (-1 - (-2 + 1))?
-2
Evaluate (-12 - (-5 - (-7 - -6))) + 17.
9
Evaluate -11 + 4 + 3 + -3 - -3.
-4
What is -2 - (-1 + 2 + 1)?
-4
-71 + 82 - (-4 + 2 + 5)
8
0 + (-2 + 6 - 4) + -7
-7
Evaluate 2 + 2 + 6 + -11.
-1
(4 - -3) + (2 - 16 - -6)
-1
Calculate 1 + ((0 - 0) + 1 - 6).
-4
What is the value of (-14 + 10 - 3) + -3?
-10
Calculate -11 - (-12 - -12) - -13.
2
What is the value of -54 + 46 + (2 - (-1 + -1))?
-4
Calculate 19 + -14 - (0 - -3).
2
(1 - (-3 - 1)) + -12 + 2
-5
What is 6 + (3 - 9) - 4?
-4
What is (24 - 20) + (1 - 0)?
5
(7 - 14) + -1 + (9 - 4)
-3
-1 - (23 + -15 - -1)
-10
What is 14 + (-6 - -3) + -6?
5
Calculate 5 + -3 - 3 - -1 - 7.
-7
Evaluate 3 + -1 - (0 + 0 + 0).
2
Calculate 7 + (0 + -7 - (-12 - -8)).
4
What is -13 + (9 - (-12 + 14))?
-6
What is 7 + 0 - (4 + 2 + -4)?
5
What is the value of -8 + (-1 + -2 - -10)?
-1
Evaluate (4 - 2 - 2) + 4.
4
What is -2 + (1 - -5) + -5 + -3?
-4
Calculate 4 + -8 + 7 + 0 + 0.
3
Evaluate 9 + (-12 - -6) + -3 + -4.
-4
Calculate -3 - (-4 + 5 - 0).
-4
What is the value of -1 - -5 - (-4 + 5)?
3
What is the value of -6 + 6 - (-10 - 0 - -5)?
5
What is 9 - ((2 - 6) + 6) - 2?
5
(4 + 1 - 16) + 6
-5
What is (-1 - 2) + (-2 + -1 - -1)?
-5
Evaluate 5 - (4 - (4 + 0 + 0)).
5
5 + 3 + -3 + 1 + 2
8
-12 + (8 - 5) + 3
-6
Calculate -3 + 2 + -3 + 5.
1
Calculate -2 + -1 + (1 + 3 - -1).
2
Evaluate (-8 - -1) + (1 - -2).
-4
Evaluate 1 + (-1 - (0 - -3) - -1).
-2
Calculate (2 - 5) + 7 + 0.
4
What is 0 + -4 - (3 + -3 + 0)?
-4
What is 2 - (-5 + 1) - 6 - 3?
-3
What is 4 + (1 - (-5 - -6) - 4)?
0
Evaluate (1 + 2 - (5 + 0)) + -1.
-3
3 + 0 + -2 - (15 - 8)
-6
(-7 - (-4 + 1)) + (-6 - -7)
-3
Calculate (-1 + 1 - 1) + -2 + -1.
-4
(10 - 1) + (-8 - 7) + 11
5
Evaluate 11 + (-16 - -6 - -3 - -2).
6
12 - 21 - (-3 - 2)
-4
Evaluate 0 + -6 - (-167 + 157).
4
What is (0 - 3 - 2) + 0?
-5
What is -5 + 1 - (2 - 9)?
3
-2 + -2 + 9 + 2
7
Evaluate 6 - (4 + 3 + -3 + -1).
3
Calculate -1 + 3 - (15 - 15) - 5.
-3
What is (9 - 15) + 6 - (0 + -1)?
1
4 - (-3 + (-6 - -7))
6
Calculate 5 - (-1 + (-3 - -4) + 11).
-6
Evaluate 4 + -9 + -2 + 3.
-4
Calculate 1 - (2 - (5 - 1)).
3
What is the value of -4 + (2 - (3 - (1 - -4)))?
0
-5 + 0 - (3 - 4) - -7
3
What is -8 + -2 + 3 + (4 - -11)?
8
-2 + -5 + 5 + -8 + 10
0
Calculate -4 + 9 - 5 - (5 + 1).
-6
Evaluate (203 - 193) + -3 + 0.
7
(-10 - -1 - 6) + 7 + -2
-10
4 + 2 + -2 + -7 - -1
-2
What is -3 + 6 + -6 + 3 - -2?
2
What is (-6 + 1 - (-27 - -25)) + 4?
1
What is the value of -1 + -4 + 4 - (-1 - -4)?
-4
Evaluate (-3 - (13 - 13)) + 0 + 5.
2
0 + 10 + -12 + (3 - 1)
0
Evaluate (1 - (9 - 9)) + (1 - -1).
3
What is (-8 - 8) + 9 - -4?
-3
What is the value of 3 - 1 - ((5 - 1) + -4)?
2
Evaluate -1 + 3 + 12 - (9 - 3).
8
18 - (6 - 1 - -6)
7
9 + -7 + 0 + -2 + 0
0
What is the value of (8 - 1) + (-12 - -10)?
5
Evaluate -3 - (-4 + -3) - 8.
-4
Evaluate 2 - -1 - (5 + 9 - 7).
-4
Evaluate -44 + 56 - (3 - 0).
9
Calculate 7 + -2 + -1 - -1.
5
What is 17 - 4 - (32 - 22)?
3
Calculate -1 - (8 + -15) - 11.
-5
What is the value of -3 - (-2 + 1 + -3)?
1
Calculate 2 + 2 + (-14 - -10).
0
What is the value of 1 + 3 + 2 + -7?
-1
What is (2 - -8) + 14 + -14?
10
Evaluate 1 + 1 + -3 - (-31 - -22).
8
What is (2 - -5) + -15 + 4?
-4
-2 + -4 + (7 - 3)
-2
What is 3 - (0 - 1) - 4 - -3?
3
Evaluate -5 - (-14 + (-3 + -2 - -10)).
4
Evaluate 2 + -1 + -8 + -5 + 9.
-3
What is 7 + 2 + -5 - (-2 + 2)?
4
Evaluate -1 + -4 - (-69 - -68).
-4
What is -1 + 5 + 2 - 4?
2
Calculate -2 + (-8 - -7) + -2.
-5
3 - (-2 - (-11 - -1))
-5
Calculate (2 - (6 - -1)) + 1.
-4
What is the value of -1 - (0 + 6 + -7) - -4?
4
What is -3 + 3 + -1 - 2?
-3
What is the value of (-8 - (-9 + 11)) + 6?
-4
What is the value of -4 + 3 + -3 + 3?
-1
1 + -1 + -19 + 21
2
Calculate 4 + (-1 - 1) - 4 - -1.
-1
Calculate 1 - ((-1 - 1) + 6 + -1).
-2
What is the value of -7 + 19 + -14 + 4?
2
-10 + 16 + -1 + -5
0
Evaluate 7 + (2 - 8) + -6 - 1.
-6
(1 - 1) + -1 - -6
5
What is the value of 4 + 2 + 1 + -4?
3
-1 + (-4 - (-7 + 3))
-1
2 + 1 - (2 + -2 - -3)
0
Calculate (-9 - (-9 + 13)) + 8.
-5
Calculate 3 + -2 + (-4 + 0 - -1).
-2
What is the value of 6 + -7 + 4 + 3 + -5?
1
Calculate 0 + -2 + -6 + 9 + 3.
4
What is the value of -6 - -15 - 4 - 0?
5
What is the value of 6 + 4 + (-3 - -3 - 4)?
6
-4 - (15 + -25) - (-1 - -7)
0
-7 - (-10 + -2 - -8)
-3
What is -3 + -2 + -7 + 7?
-5
(-5 - (7 + -9 + 3)) + 4
-2
What is -5 + 2 + (-17 - -24) - 4?
0
Evaluate -5 - (-5 + 14 + -3 - 4).
-7
Evaluate -2 - 2 - (0 + 0).
-4
Evaluate (-11 - -10 - (1 - 3)) + -8.
-7
What is the value of (4 - -3) + -2 + -10?
-5
Evaluate (-2 - 4) + 6 - (-2 + 0).
2
What is the value of -3 - (5 - (0 + 3) - 3)?
-2
(0 + 2 - 7) + 4
-1
Calculate (-4 - -5) + (-1 - -1).
1
Calculate -2 + -3 - (8 + -11) - -7.
5
Calculate -2 + 4 - 1 - (-10 - -9).
2
Calculate (-8 - (-2 - -4)) + 18.
8
1 + -1 + -9 + 3 + 1
-5
What is the value of -6 + (-3 - 3) - -6?
-6
What is the value of 1 - 12 - (-23 - -17)?
-5
Evaluate -4 - (-10 + (-2 + -1 - -6)).
3
(-5 - (1 + -1)) + (162 - 158)
-1
What is the value of 4 + -9 - (-2 + (-6 - -4))?
-1
-6 + 1 - (-8 - (-1 + -7))
-5
What is 0 - (2 - 0) - (0 + -2)?
0
6 + -6 + 5 + (7 - 17)
-5
-4 - ((1 - 9) + 0 + 7)
-3
Calculate 3 + -4 + 5 + 0 - 6